 7, 13, 161459
List the prime factors of 238020072.
2, 3, 9917503
What are the prime factors of 68484544?
2, 29, 36899
List the prime factors of 115208796.
2, 3, 17, 103, 5483
What are the prime factors of 776839154?
2, 7, 13, 2063, 2069
What are the prime factors of 755706112?
2, 7, 421711
What are the prime factors of 72847709?
11, 37, 178987
What are the prime factors of 49575886?
2, 449, 55207
What are the prime factors of 32749418?
2, 13, 1259593
What are the prime factors of 436605409?
6163, 70843
What are the prime factors of 3241762?
2, 1620881
List the prime factors of 2006931045.
3, 5, 7, 43, 337, 1319
List the prime factors of 1050711061.
17, 53, 167, 6983
What are the prime factors of 4627784?
2, 7, 23, 3593
What are the prime factors of 3126961111?
101, 30960011
List the prime factors of 15824974.
2, 11, 37, 19441
What are the prime factors of 1224244449?
3, 5038043
What are the prime factors of 801913183?
19, 347, 121631
What are the prime factors of 1539029754?
2, 3, 17, 19, 88237
List the prime factors of 52015632.
2, 3, 1083659
List the prime factors of 62372964.
2, 3, 23, 225989
List the prime factors of 148773109.
683, 217823
List the prime factors of 322134250.
2, 5, 367, 3511
List the prime factors of 3388244537.
397, 8534621
List the prime factors of 64935114.
2, 3, 103, 179, 587
What are the prime factors of 3577745881?
139, 4679, 5501
List the prime factors of 52184758.
2, 47, 173, 3209
List the prime factors of 572472833.
709, 719, 1123
What are the prime factors of 87921155?
5, 7, 2512033
List the prime factors of 288794970.
2, 3, 5, 59, 6043
List the prime factors of 214957637.
214957637
What are the prime factors of 1456991740?
2, 5, 193, 377459
What are the prime factors of 24483146?
2, 47, 181, 1439
What are the prime factors of 579825910?
2, 5, 1487, 38993
List the prime factors of 5313787236.
2, 3, 691, 213611
List the prime factors of 1847862423.
3, 11, 19, 317, 1033
List the prime factors of 194883013.
13, 563, 26627
What are the prime factors of 2734106899?
23, 118874213
What are the prime factors of 263779662?
2, 3, 193, 227789
What are the prime factors of 89109247?
709, 125683
List the prime factors of 510626474.
2, 59, 1423, 3041
What are the prime factors of 10944926?
2, 197, 27779
List the prime factors of 1000465401.
3, 13, 79, 173, 1877
What are the prime factors of 6496534?
2, 11, 23, 37, 347
What are the prime factors of 3111229733?
27253, 114161
List the prime factors of 1158641127.
3, 7, 18391129
What are the prime factors of 1065982689?
3, 233, 577, 881
What are the prime factors of 32564748?
2, 3, 79, 34351
List the prime factors of 2507451802.
2, 31, 643, 62897
List the prime factors of 199503758.
2, 99751879
List the prime factors of 8389792.
2, 19, 13799
What are the prime factors of 19107453?
3, 6369151
List the prime factors of 75665102.
2, 37832551
What are the prime factors of 3433500?
2, 3, 5, 7, 109
What are the prime factors of 4047378507?
3, 31, 89, 162997
What are the prime factors of 1779415291?
677, 2628383
List the prime factors of 48101500.
2, 5, 17, 5659
List the prime factors of 235868159.
181, 1303139
What are the prime factors of 317882395?
5, 63576479
What are the prime factors of 60581963?
13, 4660151
List the prime factors of 425999352.
2, 3, 37, 47, 59, 173
List the prime factors of 233897952.
2, 3, 1097, 2221
List the prime factors of 418304023.
17, 61, 227, 1777
List the prime factors of 57286166.
2, 7, 73, 56053
List the prime factors of 804330629.
19, 643, 65837
List the prime factors of 369229005.
3, 5, 23, 53, 127
List the prime factors of 240654661.
13, 653, 28349
What are the prime factors of 1844942477?
7, 41, 43, 149497
List the prime factors of 91485124.
2, 47, 587, 829
List the prime factors of 575881475.
5, 13, 23, 77041
What are the prime factors of 22024291?
31, 359, 1979
List the prime factors of 714799196.
2, 178699799
List the prime factors of 36305206.
2, 7, 307, 8447
What are the prime factors of 993536502?
2, 3, 7, 23655631
What are the prime factors of 18305987?
7, 19, 137639
What are the prime factors of 441338321?
13879, 31799
What are the prime factors of 117416517?
3, 39138839
What are the prime factors of 145222114?
2, 37, 1962461
What are the prime factors of 111553525?
5, 4462141
What are the prime factors of 642699147?
3, 53, 191, 21163
List the prime factors of 43393805.
5, 7, 13, 283, 337
List the prime factors of 120558972.
2, 3, 97, 103573
What are the prime factors of 720817883?
79, 9124277
List the prime factors of 84367134.
2, 3, 4687063
List the prime factors of 965342538.
2, 3, 19, 401, 7039
List the prime factors of 196486132.
2, 37, 47, 601
List the prime factors of 16048699.
16048699
List the prime factors of 336994251.
3, 11, 10211947
List the prime factors of 110936947.
11, 43, 234539
What are the prime factors of 1884004730?
2, 5, 1559, 120847
List the prime factors of 369564697.
67, 653, 8447
List the prime factors of 5102198371.
317, 16095263
What are the prime factors of 5457996?
2, 3, 97, 521
What are the prime factors of 1640798433?
3, 53, 3439829
What are the prime factors of 119928516?
2, 3, 9994043
List the prime factors of 386090472.
2, 3, 61, 263723
List the prime factors of 3226658124.
2, 3, 4111, 65407
What are the prime factors of 570612588?
2, 3, 7, 13, 97, 5387
What are the prime factors of 53578522?
2, 26789261
What are the prime factors of 66967107?
3, 137, 162937
What are the prime factors of 1220442326?
2, 41, 47, 157, 2017
What are the prime factors of 69394517?
19, 1213, 3011
List the prime factors of 101609395.
5, 20321879
List the prime factors of 6311373298.
2, 19, 29, 5727199
List the prime factors of 236397240.
2, 3, 5, 17, 19, 107
List the prime factors of 2740622967.
3, 37, 193, 42643
List the prime factors of 7645696.
2, 109, 137
What are the prime factors of 660754634?
2, 479, 689723
What are the prime factors of 31522960?
2, 5, 7, 181, 311
What are the prime factors of 632675729?
7, 8521, 10607
What are the prime factors of 19379982?
2, 3, 109, 29633
What are the prime factors of 813916058?
2, 7121, 57149
What are the prime factors of 45010258?
2, 22505129
List the prime factors of 2561503459.
12097, 211747
List the prime factors of 802791116.
2, 19, 10563041
List the prime factors of 177598927.
11, 37, 131, 3331
List the prime factors of 6304418210.
2, 5, 17, 157, 236209
What are the prime factors of 739450594?
2, 53, 97, 71917
List the prime factors of 39092318.
2, 23, 849833
What are the prime factors of 45485120?
2, 5, 307, 463
What are the prime factors of 464630642?
2, 7, 4741129
List the prime factors of 5919737714.
2, 11, 2477, 108631
What are the prime factors of 1553806151?
41, 1627, 23293
List the prime factors of 1061408824.
2, 7, 641, 29569
List the prime factors of 4795161236.
2, 17, 2251, 31327
List the prime factors of 1536842762.
2, 7, 13, 29, 41597
What are the prime factors of 1950412215?
3, 5, 1787, 72763
What are the prime factors of 680573423?
463, 1469921
List the prime factors of 75614756.
2, 7, 19, 89, 1597
What are the prime factors of 4938192?
2, 3, 7, 23, 71
List the prime factors of 533976222.
2, 3, 13, 17, 402697
What are the prime factors of 173527400?
2, 5, 263, 3299
List the prime factors of 11177351.
11177351
List the prime factors of 85070623.
11, 73, 9631
List the prime factors of 1842365.
5, 7, 52639
What are the prime factors of 159833080?
2, 5, 11, 363257
List the prime factors of 88921295.
5, 17784259
List the prime factors of 20599095.
3, 5, 11, 131, 953
List the prime factors of 99459096.
2, 3, 11, 29, 1181
List the prime factors of 487900973.
7, 7963, 8753
List the prime factors of 1583795424.
2, 3, 1237, 13337
What are the prime factors of 1109125895?
5, 23, 9644573
What are the prime factors of 111199854?
2, 3, 18533309
List the prime factors of 1178743782.
2, 3, 167, 1176391
List the prime factors of 1121741657.
9157, 122501
What are the prime factors of 52299246?
2, 3, 107, 81463
List the prime factors of 1520449425.
3, 5, 11, 53, 67, 173
What are the prime factors of 4387712906?
2, 31, 70769563
What are the prime factors of 231037018?
2, 115518509
List the prime factors of 172513378.
2, 86256689
What are the prime factors of 337277918?
2, 168638